greatest common divisor of 5 and y?
5
Suppose 19*z - 264 = 7*z. What is the greatest common factor of 110 and z?
22
Let s(k) = k - 5. Suppose 3*m = -3*y - m - 24, 0 = y - 2*m - 2. Let i be s(y). Let f = i + 20. What is the greatest common divisor of f and 22?
11
Let w(d) = -53*d**3 + 2*d**2 + d. Let f be w(-1). What is the highest common divisor of 6 and f?
6
Suppose -2*f + 5 + 99 = 0. Let n(u) = 4 + 0*u - 3*u + u - 1. Let h be n(-5). Calculate the greatest common factor of f and h.
13
Let q be (5 - 1) + 0/(-1). Calculate the highest common factor of 12 and q.
4
Let k be (-1)/2 + 1/(-2). Let p be (2 - 0) + k/(-1). Suppose 4 + p = x. What is the greatest common factor of x and 49?
7
Let m(d) = -2*d. Let f = -4 - -6. Let l be m(f). Let a be 2/(-4)*(-20 - l). Calculate the greatest common factor of 2 and a.
2
Suppose 5*l - 45 - 35 = 0. Calculate the highest common factor of 144 and l.
16
Let n(q) = -5*q - 3. Let t be n(-3). Let x = 63 - 15. Calculate the highest common divisor of x and t.
12
Suppose 11 = 5*y - 29. Calculate the greatest common factor of y and 32.
8
Let g(l) = -2*l**2 + 18*l - 1. Let f be g(8). What is the greatest common divisor of f and 150?
15
Suppose 2*j + 2*o = 51 + 13, -4*o + 92 = 3*j. What is the greatest common factor of j and 12?
12
Let w = 20 + -17. Calculate the highest common factor of 3 and w.
3
Let l(d) = d**2 - 8*d - 1. Let o = 6 - 4. Suppose 3*n - g + 1 = 3*g, 2*n + 4 = o*g. Let h be l(n). What is the greatest common factor of h and 13?
13
Let i = -12 + 16. What is the greatest common divisor of i and 36?
4
Suppose -3*k = 11 - 35. What is the highest common factor of k and 4?
4
Suppose 1 + 14 = -3*x, 3*q + x = -2. Let a = -9 + 17. What is the highest common factor of q and a?
1
Let b = -62 - -195. Let x = b - 78. What is the greatest common divisor of x and 11?
11
Suppose 5*w = 3*s + 1, 0 = -2*s + 3*s - 5*w + 7. Calculate the greatest common factor of s and 15.
3
Let p = 3 - 3. Let d(x) = -x**3 + 8. Let s be d(p). What is the greatest common factor of s and 32?
8
Let h = -11 + 31. Let r be (7/3)/((-2)/(-6)). Suppose -r = -t + 1. Calculate the highest common divisor of h and t.
4
Suppose 4*x - 6*x = 2*y - 8, 2*x - 5*y - 8 = 0. Let z = -2 + 4. Let q = z + 2. Calculate the greatest common factor of q and x.
4
Let u(o) = -o + 8. Let l be u(-2). Calculate the highest common factor of l and 160.
10
Let d = -9 - -15. What is the greatest common factor of 2 and d?
2
Let a = 1 + -3. Let w be 13 + 1/((-1)/a). What is the greatest common factor of w and 165?
15
Suppose 0*p = 5*p - 15. Suppose -u - 4*u + 53 = p*w, 5*w = 5*u - 85. What is the greatest common divisor of u and 117?
13
Let k(n) = -4*n**3 + n**2 + 8*n + 3. Let h be k(-3). What is the greatest common factor of 12 and h?
12
Suppose 2*l = -3*l + 20. Suppose 0 = -2*j + l*j - 30. Let x be (2/4)/(1/20). Calculate the greatest common factor of x and j.
5
Suppose 5*x = -2*q + 19 + 3, 3*x + q = 14. Suppose -105 = 3*n - x*n. What is the greatest common factor of n and 5?
5
Let j(c) = -c**3 + 6*c**2 - 3*c + 2. Let i be j(4). Suppose 0 = -2*x + i + 98. Let g = 40 - 16. What is the greatest common factor of x and g?
12
Let n = 59 + -27. Let q = 9 - 5. What is the greatest common factor of n and q?
4
Suppose 5*r - 6 = 2*r. Suppose -r*u + 0*y - 3*y + 13 = 0, -u + 2*y + 24 = 0. What is the highest common factor of u and 14?
14
Let p(u) = 2*u**2 - 2*u + 28. Let h be p(-5). Let x(k) = -2*k**3 - 2*k**2 - 3*k - 3. Let z be x(-2). Calculate the greatest common factor of h and z.
11
Let v = 136 - 73. Calculate the greatest common factor of v and 9.
9
Let n = 6 + -3. Suppose -3 = -n*i + 12. Suppose 32 - 7 = i*h. What is the highest common factor of 1 and h?
1
Let v be 123/9 - 3/(-9). What is the greatest common divisor of 98 and v?
14
Let k(l) = 3*l - 16. Let v be k(10). Let f be ((-14)/8 + 0)*-4. Calculate the greatest common divisor of v and f.
7
Let v be (-5 - -4) + 0 + 1. Suppose -3*m + 6 + v = 0. Let w = m + 1. Calculate the greatest common factor of w and 12.
3
Suppose 5*h - 8*h = -24. What is the greatest common divisor of 72 and h?
8
Let w(q) = q**2 + 9*q - 2. Suppose 5*z + 38 = -17. Let c be w(z). What is the greatest common factor of c and 5?
5
Let j be (-21*5/(-30))/(2/8). Suppose 3*f - 5*s = -s + 370, -2*f + 4*s = -244. What is the greatest common factor of j and f?
14
Suppose 3*z - 3 - 3 = 0. Suppose 0 = 3*t - z - 4. Suppose -5*i = -5*n - 245, t*i = -i + 2*n + 152. What is the greatest common factor of 6 and i?
6
Let g(s) = 5*s**2 + 9*s + 22. Let x be g(-3). Calculate the greatest common divisor of x and 5.
5
Let c be (-154)/13 + 8/(-52). Suppose -4*i - 25 = 63. Let y = c - i. Calculate the greatest common divisor of y and 110.
10
Let p = -13 - -15. Calculate the greatest common factor of 5 and p.
1
Let n(s) = -10*s**3. Suppose q = 3*q + 2. Let p be n(q). Calculate the greatest common divisor of p and 5.
5
Let p be 0/(3 - 0)*1. Suppose v + 4*v - 20 = p. What is the greatest common factor of v and 12?
4
Let y = 4 - 2. What is the greatest common factor of 5 and y?
1
Let c be (8/10)/1*20. Let y be (c/12)/(2/15). Calculate the highest common factor of y and 20.
10
Let c be (-190)/3*(1 - 4). Let l be (10/3)/(8/12). Suppose -l*p - 57 = -8*p. Calculate the highest common factor of c and p.
19
Let h(g) = -g**3 + 6*g**2 - 4*g - 1. Let j = -12 - -17. Let n be h(j). Suppose n - 46 = -2*t. Calculate the highest common divisor of t and 3.
3
Let t = 6 + -10. Let c(v) be the second derivative of v**5/20 + v**4/4 - v**3 - 3*v**2/2 + 4*v. Let j be c(t). What is the highest common factor of j and 55?
5
Let k be 5 + (5 - 28)*-6. Calculate the greatest common divisor of k and 13.
13
Suppose 0 = -2*j + 3*q - 4*q + 7, 19 = 4*j + q. Suppose 0 = -4*l + 26 + 10. Let b be (-12)/l*(-18)/4. Calculate the highest common factor of b and j.
6
Let t(a) = -2*a + 32. Let y be t(10). What is the highest common divisor of y and 18?
6
Let n = 34 - -16. Let v = n - -38. What is the greatest common divisor of v and 11?
11
Let i = -204 - -121. Let d = 118 + i. Suppose -5*n + 3*t + 12 = 2, -3*n = -3*t. Calculate the highest common factor of d and n.
5
Let j be (0 + 7)/((-12)/(-24)). Calculate the highest common factor of 42 and j.
14
Suppose -5*u = -28 - 62. Suppose 2*y = 3*y - u. Calculate the highest common divisor of y and 144.
18
Let b(f) = f - 1. Let g be b(7). Suppose -g = -5*l + 2*l. Let z be ((-10)/3)/(l/(-12)). What is the greatest common divisor of 10 and z?
10
Suppose 5*t = 4*t + 5*o + 9, -t = 3*o - 17. What is the greatest common divisor of 56 and t?
14
Let s(w) = w**2 - 8*w + 8. Let t be s(9). Calculate the greatest common divisor of t and 51.
17
Let l(q) = 4*q**2 - 4*q. Let g be l(4). Calculate the highest common divisor of 12 and g.
12
Let m be (-9)/(-1) + -5 + 4. Suppose -24 = -5*a + 1. Suppose -o - 4*o = 2*k - 139, a*k = 3*o + 363. What is the highest common factor of k and m?
8
Let q = 21 + -15. Let g(h) = 10*h**2 - h. Let f be g(-1). Let n = 17 - f. Calculate the highest common factor of q and n.
6
Suppose -3*v = 5*n - 22, -v - 3*v = 3*n - 11. Calculate the highest common factor of n and 5.
5
Suppose 2*o - 350 = -3*o. Let z(x) = x + 6. Let u be z(-3). Let q = 11 + u. What is the greatest common factor of o and q?
14
Suppose -4*k - 4*m + 244 = 0, 0 = -2*k + 5*m + 60 + 27. Calculate the greatest common factor of k and 16.
8
Suppose -5*s = 2*q - 31, -4 = -s - 1. Let p(u) = u**3 - 2*u**2 - 3*u + 2. Let a be p(3). What is the greatest common factor of q and a?
2
Let g = 138 - 8. Calculate the greatest common factor of 10 and g.
10
Let o(f) = f + 5. Let p be o(14). What is the greatest common divisor of p and 38?
19
Let g be -5*-4*1/(-10). Let r be g + (6/(-1))/(-1). Suppose 0 = -r*k + 2*k + 168. What is the greatest common divisor of 12 and k?
12
Let s(j) = 12*j + 6. Let u(h) = h**3 + 2*h**2 + 3*h. Let f be u(-2). Let v be s(f). Let t be (v/4)/(2/(-4)). What is the greatest common factor of 22 and t?
11
Let y(x) = -x**2 - 6*x - 1. Let l be y(-4). Suppose -4*t = l + 5. Let i = t - -6. What is the highest common factor of 12 and i?
3
Let x = 10 + -5. Calculate the greatest common divisor of 55 and x.
5
Suppose 245 = 8*h + 85. What is the greatest common factor of 24 and h?
4
Suppose 0 = 3*w + 4*g 